2)/(-10)). Let o = -1556 - l. List the prime factors of o.
2, 3, 7, 11
Let h(g) = 1669*g**2 + 970*g + 3858. List the prime factors of h(-4).
2, 3, 4447
Let h(l) = 22*l + 837. What are the prime factors of h(24)?
3, 5, 7, 13
Let q be (-35)/10*16/(-28). Suppose 1854 = 4*k + q*h, 0 = -4*k - 0*h - h + 1851. List the prime factors of k.
2, 3, 7, 11
Let n(f) = -10*f**2 - 21 + 3*f + f**2 + 202*f**3 - 201*f**3. Let j be n(9). List the prime factors of j/(-4)*-141*(-8)/(-12).
3, 47
Suppose 101*x - 7072 = -33*x + 765840. What are the prime factors of x?
2, 7, 103
Let x = -1439 + 3019. Suppose -8*s - x = -12*s. List the prime factors of s.
5, 79
Let q(s) = -s**3 - 21*s**2 - 15*s + 84. Let d be q(-20). What are the prime factors of (-3)/(-24) - 11694/d?
17, 43
Suppose p - 886 = 6*w - 2*w, -5*w + 1837 = 2*p. Let x be (3*1)/((-10)/(-1260)). Suppose 4*v = p - x. What are the prime factors of v?
2, 3, 11
Suppose 0 = -5*m - 3*m - 0*m. Let v be -1 - (-1117 - m/5). Suppose -v = -2*i - 7*i. What are the prime factors of i?
2, 31
Suppose -10 + 2 = -5*j + 4*n, 3*j + 3 = 5*n. Suppose -4*x + 4*m + 16 = 0, m + j = 4*x - x. Suppose -17*i + 18*i - 216 = x. List the prime factors of i.
2, 3
Suppose 0 = 5*m + 7921*g - 7917*g - 23369, 2 = 2*g. What are the prime factors of m?
4673
Suppose 3*o = -2*o + h + 53, -o - 4*h = -19. Suppose o*g = 6*g. Suppose 5*q - 985 = -a, 5*a - 9*a = g. List the prime factors of q.
197
Let j be -4*(-4 + 204/16). Let x = j + 43. Suppose 260 = 13*o - x*o. What are the prime factors of o?
2, 13
Let p(u) = -2*u + 17. Let i be p(-15). Let w = i - 41. Suppose 144 = w*v - 78. List the prime factors of v.
37
Let z = 3256 - 3263. Let d(g) be the third derivative of -2*g**4/3 - 2*g**3 + g**2. List the prime factors of d(z).
2, 5
Let g be -2 + 0 - (41 + (-1 - -2)). Let s = g + 35. Let f = 25 + s. List the prime factors of f.
2
Suppose -4*x = 9*x + 39. Let o be ((-2)/4 - x/6)/3. Suppose -2*r + 177 - 23 = o. List the prime factors of r.
7, 11
Suppose 22*a + 28 = 20*a. List the prime factors of ((-43)/(-2))/(a*11/(-5852)).
19, 43
What are the prime factors of (-3 - -1)*(-24)/(576/265128)?
2, 11047
Suppose -5089921 = -173*w + 2855623. What are the prime factors of w?
2, 5741
Let s(r) = 5*r + 21. Let j be s(-3). Suppose 2*o - j = 0, 7*q - 964 = 6*q - 2*o. List the prime factors of q.
2, 479
Let r(k) = -3*k + 19. Let t be r(-19). Suppose a = t - 10. List the prime factors of a.
2, 3, 11
Suppose 4*h = q + 16, -6*h + 12 = -3*h + 2*q. Suppose 0 = x + h*c + 28, 5*x + 0*x + 2*c + 68 = 0. List the prime factors of 48/(-20)*880/x.
2, 11
Suppose -81 = 24*j - 177. List the prime factors of 116035/85 - (j/(-17))/(-2).
3, 5, 7, 13
Let h(k) = 77*k**3 + 3*k**2 + 5*k + 87. List the prime factors of h(5).
2, 11, 223
Let h = -1153 - -3041. Suppose -2*g + d + 918 = -4*d, 3*d - h = -4*g. Suppose -g = -7*b + 112. List the prime factors of b.
83
Let h(o) be the first derivative of o**4/4 + 4*o**3/3 - 7*o**2/2 - 10*o - 4. Let b be h(-4). Suppose 103 = -b*u + 19*u. What are the prime factors of u?
103
Let k be 5/((-5)/(-6 + 1)). Suppose -k*a = a - 60. Suppose -224 = a*m - 12*m. What are the prime factors of m?
2, 7
Let q(w) = 2 + 117*w**3 - 55*w**3 + 17*w**2 + 2*w - 61*w**3. List the prime factors of q(-7).
2, 239
Suppose -11*p + 64765 + 92427 = 3*p. What are the prime factors of p?
2, 7, 401
Let k(x) = -3935*x + 483. List the prime factors of k(-17).
2, 59, 571
List the prime factors of 26/(-4) + (-3602542)/(-356).
3, 3371
Let t = -4258 + 9060. What are the prime factors of t?
2, 7
Let r = 3995 - 7505. What are the prime factors of 5 + 16/((-96)/r)?
2, 5, 59
Let u be (25 - -7)*3/18*3. Suppose u = -3*i - 11. List the prime factors of (-4)/(-6) - ((-5280)/i)/(-5).
2, 59
Let u = 306 - 338. What are the prime factors of (-2256)/(-32)*u/(-6)?
2, 47
Suppose 4*d - 4*z - 72120 = 0, -54094 = 6*d - 9*d + 4*z. What are the prime factors of d?
2, 9013
Let u(g) = 10*g**2 - 81*g - 1. Let z be u(8). List the prime factors of (-1)/(z/990)*(3 - 0).
2, 3, 5, 11
Suppose -7*a + 19735 + 130240 = 0. List the prime factors of a.
5, 857
Suppose -2*b + 11*c = 9*c - 396, 0 = -4*b - 4*c + 848. List the prime factors of b.
5, 41
Let g(b) = -1006*b - 24. Let f be g(-3). Suppose -6*s + 144 = -f. List the prime factors of s.
523
Suppose -1 = -5*l + 9. List the prime factors of (1*78 - (-4 - -2))/l.
2, 5
Let t(p) = p**3 - 5*p**2 + 3*p + 8. Let h(y) = y + 1. Let r(s) = -18*s - 45. Let x(k) = 42*h(k) + 2*r(k). Let w be x(9). What are the prime factors of t(w)?
2, 31
Suppose 2*v + 9 = 3*w, -4*w + 5 + 0 = -5*v. Suppose 4*q - 182 = -w*x + 822, 0 = -4*q - 3*x + 996. Let t = 368 - q. What are the prime factors of t?
2, 61
Suppose 2*o = 5*p - 31 - 0, 5*p = 3*o + 34. Suppose -10 = -g - p. What are the prime factors of -3 + (g + 1)*6?
3, 11
Let t = -3607 + 11507. What are the prime factors of t?
2, 5, 79
Suppose 6*y = -0*y + 12. Let q(v) = 2*v**y + 4 + 12 - 951*v + 952*v. List the prime factors of q(-8).
2, 17
Let c(q) = -41707*q**3 - 66*q**2 - 65*q + 2. List the prime factors of c(-1).
2, 10427
Let j be (54/126)/(6/28). Suppose -2*h + z = -2*z - 410, 0 = 3*h + j*z - 615. List the prime factors of h.
5, 41
Let o(z) = -4*z - 28. Let p be o(-10). Let a be (p/3 - 17)*-7. Suppose 4*v - 245 = a. List the prime factors of v.
2, 3, 7
Suppose 124 = -29*m + 27*m. Let f = -1 - m. Suppose z - 4*x = f, 2*z - 2*x = 3*z - 49. List the prime factors of z.
53
Suppose -2*u + 300 = u + o, 3*u - 300 = o. Suppose 31*p + u = 27*p. Let k = p + 52. What are the prime factors of k?
3
Suppose -787*n = -784*n - 30. Suppose n*b - 6*b + 2*x = 406, 3*x = -5*b + 508. What are the prime factors of b?
101
Suppose -9*c + 8 = 8. Suppose c = -4*a, -270 = -5*b + 31*a - 28*a. List the prime factors of b.
2, 3
Suppose -256*b = -251*b - 19260. What are the prime factors of b?
2, 3, 107
Suppose 4*t - 25 = -13. Suppose -4*w = -t*g - 2*w + 1475, 6 = 3*w. List the prime factors of g.
17, 29
Suppose -2*s + 924 = 4*w + 2*s, 3*s + 247 = w. Let i = -163 + w. List the prime factors of i.
2, 3
What are the prime factors of (-3902 - 12)*5/(-10)?
19, 103
Suppose 40356 = 6*v - 3240. Suppose v = 21*i - 0*i. What are the prime factors of i?
2, 173
Suppose -1359*a + 1353*a = -143946. List the prime factors of a.
3, 11, 727
Let d be (-15)/30*0/(-1). Suppose d = -5*m - 7 - 43. Let g(y) = 2*y**2 + 13*y. List the prime factors of g(m).
2, 5, 7
Suppose 39 = 2*t - 25. Suppose -83*v = -81*v - t. Suppose 0 = 4*p - v*p + 624. What are the prime factors of p?
2, 13
Suppose -166 = 5*x - 126, -78964 = -3*y + 2*x. List the prime factors of y.
2, 3, 17, 43
Suppose -6018 = v - 5*i - 46380, -4*i + 40389 = v. List the prime factors of v.
3, 43, 313
Let p(j) = -9*j**2 - 3. Let h(w) = 4*w**2 + 1. Let n(l) = 7*h(l) + 3*p(l). Let o be n(-3). Let v = o - -12. List the prime factors of v.
19
Suppose 5*n + c - 209 = 0, -3*n - 2*c + 119 = -3*c. Suppose -10*w + n = -9. Suppose w*a = 5*g - 480, 4*a = 4*g + g - 479. What are the prime factors of g?
5, 19
Suppose -3*c = -203 + 32. Suppose 0 = -62*j + c*j + 4105. What are the prime factors of j?
821
Suppose 7*l = -6*l + 79027. Suppose 33*x - 5*z = 30*x + l, -2025 = -x + 3*z. What are the prime factors of x?
2, 3, 13
Suppose 708683 + 306888 = 72*m + 164819. List the prime factors of m.
2, 7, 211
Let h(q) = -q**3 - 107*q**2 + 259*q - 494. List the prime factors of h(-112).
2, 17, 977
Let j(z) be the third derivative of -z**4/24 + 4*z**3/3 + 16*z**2. Let u be j(6). Suppose -5*x + u*x + 342 = 0. List the prime factors of x.
2, 3, 19
Let a(h) = -102*h - 239 + 296*h + 249. Suppose 2 - 3 = -j. What are the prime factors of a(j)?
2, 3, 17
Suppose 0*a + 55*a - 1161759 = 274676. What are the prime factors of a?
7, 13, 41
Let a = 15139 + -7480. List the prime factors of a.
3, 23, 37
Let c = 13 - 13. Suppose 0 = -u - 3*f + 16, -2*f + c*f + 28 = 5*u. Suppose -7*w = -u*w - 153. What are the prime factors of w?
3, 17
Let d(n) = 3*n - 25. Let t be d(10). Suppose -4*y + 2*z + 790 = 0, -3*y - 2*y - t*z = -1025. What are the prime factors of y?
2, 5
Let s(p) = -p**3 - 2*p**2 + 2*p + 1. Let t be s(-3). Let u(w) = -7*w + 1. Let k(r) = -49*r + 17. Let i(f) = -k(f) + 3*u(f). What are the prime factors of i(t)?
2, 7
Suppose 15*q - 35*q - 49*q = -1441893. What are the prime f